{"id":133,"date":"2018-06-19T15:29:23","date_gmt":"2018-06-19T15:29:23","guid":{"rendered":"http:\/\/intosur.com\/?page_id=133"},"modified":"2018-06-19T15:29:31","modified_gmt":"2018-06-19T15:29:31","slug":"cartografia","status":"publish","type":"page","link":"https:\/\/intosur.com\/index.php\/servicios\/cartografia\/","title":{"rendered":"Cartograf\u00eda"},"content":{"rendered":"<p>En este departamento ofrecemos servicios que abarcan todos los procesos de producci\u00f3n para la obtenci\u00f3n de informaci\u00f3n territorial. Combinando los trabajos topogr\u00e1ficos, cartograf\u00eda digital y ortofoto, junto con la toma de datos alfanum\u00e9ricos.<\/p>\n","protected":false},"excerpt":{"rendered":"<p>En este departamento ofrecemos servicios que abarcan todos los procesos de producci\u00f3n para la obtenci\u00f3n de informaci\u00f3n territorial. Combinando los<\/p>\n","protected":false},"author":1,"featured_media":0,"parent":25,"menu_order":0,"comment_status":"closed","ping_status":"closed","template":"","meta":{"footnotes":""},"class_list":["post-133","page","type-page","status-publish","hentry","comments-off"],"_links":{"self":[{"href":"https:\/\/intosur.com\/index.php\/wp-json\/wp\/v2\/pages\/133","targetHints":{"allow":["GET"]}}],"collection":[{"href":"https:\/\/intosur.com\/index.php\/wp-json\/wp\/v2\/pages"}],"about":[{"href":"https:\/\/intosur.com\/index.php\/wp-json\/wp\/v2\/types\/page"}],"author":[{"embeddable":true,"href":"https:\/\/intosur.com\/index.php\/wp-json\/wp\/v2\/users\/1"}],"replies":[{"embeddable":true,"href":"https:\/\/intosur.com\/index.php\/wp-json\/wp\/v2\/comments?post=133"}],"version-history":[{"count":1,"href":"https:\/\/intosur.com\/index.php\/wp-json\/wp\/v2\/pages\/133\/revisions"}],"predecessor-version":[{"id":134,"href":"https:\/\/intosur.com\/index.php\/wp-json\/wp\/v2\/pages\/133\/revisions\/134"}],"up":[{"embeddable":true,"href":"https:\/\/intosur.com\/index.php\/wp-json\/wp\/v2\/pages\/25"}],"wp:attachment":[{"href":"https:\/\/intosur.com\/index.php\/wp-json\/wp\/v2\/media?parent=133"}],"curies":[{"name":"wp","href":"https:\/\/api.w.org\/{rel}","templated":true}]}}