{"id":137,"date":"2018-06-19T15:30:38","date_gmt":"2018-06-19T15:30:38","guid":{"rendered":"http:\/\/intosur.com\/?page_id=137"},"modified":"2018-06-19T15:30:38","modified_gmt":"2018-06-19T15:30:38","slug":"batimetria","status":"publish","type":"page","link":"https:\/\/intosur.com\/index.php\/servicios\/batimetria\/","title":{"rendered":"Batimetr\u00eda"},"content":{"rendered":"<p>Dentro del campo de la topograf\u00eda la obtenci\u00f3n de cartograf\u00eda submarina se denomina Batimetr\u00eda. INTOSUR S.L., realiza este tipo de trabajo con los medios t\u00e9cnicos m\u00e1s avanzados en las siguientes \u00e1reas:<\/p>\n<ul class=\"indent-6\">\n<li>Control de dragados<\/li>\n<li>Replanteos submarinos<\/li>\n<li>Localizaci\u00f3n de obst\u00e1culos<\/li>\n<li>Obras Civiles<\/li>\n<li>Cubicaciones<\/li>\n<li>Levantamientos de Cuevas Sumergidas<\/li>\n<li>Puertos<\/li>\n<li>Rellenos y Desecaciones<\/li>\n<li>Cimentaci\u00f3n de Puentes<\/li>\n<\/ul>\n","protected":false},"excerpt":{"rendered":"<p>Dentro del campo de la topograf\u00eda la obtenci\u00f3n de cartograf\u00eda submarina se denomina Batimetr\u00eda. INTOSUR S.L., realiza este tipo de<\/p>\n","protected":false},"author":1,"featured_media":0,"parent":25,"menu_order":0,"comment_status":"closed","ping_status":"closed","template":"","meta":{"footnotes":""},"class_list":["post-137","page","type-page","status-publish","hentry","comments-off"],"_links":{"self":[{"href":"https:\/\/intosur.com\/index.php\/wp-json\/wp\/v2\/pages\/137","targetHints":{"allow":["GET"]}}],"collection":[{"href":"https:\/\/intosur.com\/index.php\/wp-json\/wp\/v2\/pages"}],"about":[{"href":"https:\/\/intosur.com\/index.php\/wp-json\/wp\/v2\/types\/page"}],"author":[{"embeddable":true,"href":"https:\/\/intosur.com\/index.php\/wp-json\/wp\/v2\/users\/1"}],"replies":[{"embeddable":true,"href":"https:\/\/intosur.com\/index.php\/wp-json\/wp\/v2\/comments?post=137"}],"version-history":[{"count":1,"href":"https:\/\/intosur.com\/index.php\/wp-json\/wp\/v2\/pages\/137\/revisions"}],"predecessor-version":[{"id":138,"href":"https:\/\/intosur.com\/index.php\/wp-json\/wp\/v2\/pages\/137\/revisions\/138"}],"up":[{"embeddable":true,"href":"https:\/\/intosur.com\/index.php\/wp-json\/wp\/v2\/pages\/25"}],"wp:attachment":[{"href":"https:\/\/intosur.com\/index.php\/wp-json\/wp\/v2\/media?parent=137"}],"curies":[{"name":"wp","href":"https:\/\/api.w.org\/{rel}","templated":true}]}}